s -1000100101101101111011101 + -10000?
-1000100101101101111101101
In base 10, what is -29 + 778135?
778106
In base 2, what is 111010111000110011100010 - 1?
111010111000110011100001
In base 15, what is 5 - 186bc06?
-186bc01
In base 10, what is -33 + 10975859?
10975826
In base 5, what is -43032112 - -10134?
-43021423
In base 2, what is 11000 + 101111111000101000101?
101111111000101011101
In base 3, what is -221101 - 102120?
-1100221
In base 14, what is -5 - 14a4d634?
-14a4d639
In base 7, what is 1 + -5516312345?
-5516312344
In base 16, what is 526a3 + 6e?
52711
In base 3, what is -1021211202100 - 112?
-1021211202212
In base 15, what is -2 + -267cea?
-267cec
In base 7, what is -1631404 + 14?
-1631360
In base 3, what is -22012220122122221 + 0?
-22012220122122221
In base 7, what is -3241300406 + 3?
-3241300403
In base 15, what is -e264 + -10a?
-e36e
In base 11, what is 2094 + 863?
2947
In base 2, what is -10000111 + -110111110110010?
-111000000111001
In base 13, what is -1412c7038 + -5?
-1412c7040
In base 11, what is a3a0 + 10?
a400
In base 9, what is 14885 + -737?
14147
In base 2, what is 100100110100 + -100001011110?
11010110
In base 9, what is 124531737 + 5?
124531743
In base 14, what is 5a7686 - 9?
5a767b
In base 13, what is -246b63 - -1?
-246b62
In base 4, what is -2 + 1233112012031?
1233112012023
In base 6, what is 242011 + 433?
242444
In base 3, what is 210212220101001 + -10?
210212220100221
In base 10, what is 10 + -2176559?
-2176549
In base 10, what is 34 - -4690396?
4690430
In base 6, what is 10 + -2250332413?
-2250332403
In base 13, what is 0 - 1c90bc9?
-1c90bc9
In base 8, what is 3 + 15766500?
15766503
In base 16, what is 287 + 18db?
1b62
In base 3, what is -2120110 + 221122102?
212001222
In base 13, what is -1 + 628769?
628768
In base 9, what is 7088767 - -5?
7088773
In base 4, what is -3 - 12032132130223?
-12032132130232
In base 2, what is -1010111101101110 + 100100000?
-1010111001001110
In base 11, what is 2 + 147a051?
147a053
In base 12, what is -b95 + 426ab?
41716
In base 3, what is -2110212112201010 - 11?
-2110212112201021
In base 2, what is -1010000010110000000010011 + -100?
-1010000010110000000010111
In base 14, what is -5 + 1572d6d?
1572d68
In base 3, what is -1 - 1020110101221?
-1020110101222
In base 14, what is -9c + 491743?
491685
In base 10, what is -410746955 + -1?
-410746956
In base 10, what is 33515970 + 5?
33515975
In base 16, what is 1aa2 + -12a0?
802
In base 5, what is -123242433011 + 0?
-123242433011
In base 3, what is -1000 + -10002122111211?
-10002122112211
In base 10, what is -198777 - 22?
-198799
In base 5, what is -1422012432 - -310?
-1422012122
In base 2, what is -1110110101011010 - 11011110001?
-1111010001001011
In base 13, what is -2a + 3b37825?
3b377c8
In base 10, what is -3198 + -8394?
-11592
In base 10, what is -35488039 + 12?
-35488027
In base 15, what is -1bc25065 - 5?
-1bc2506a
In base 15, what is -8a50468 + -3?
-8a5046b
In base 6, what is -40430023 - 24?
-40430051
In base 7, what is 44 + 341440106?
341440153
In base 12, what is 1 + 109b590?
109b591
In base 15, what is -8 + -27483?
-2748b
In base 11, what is 9506173 + -1?
9506172
In base 9, what is 2 - -13626320?
13626322
In base 7, what is -2 - 42426611?
-42426613
In base 7, what is 532144 - 63?
532051
In base 12, what is -2049 + -246?
-2293
In base 10, what is 1853529 + 4?
1853533
In base 15, what is -ce80 + -12e?
-d0ae
In base 6, what is 1111011 + -1045?
1105522
In base 6, what is -15 - -3153050?
3153031
In base 5, what is 330 + 34443133?
34444013
In base 12, what is -3a4674 - 148?
-3a4800
In base 16, what is d36e6 - -12d?
d3813
In base 9, what is -8215 - 37805?
-47121
In base 16, what is -10 - -12c10?
12c00
In base 2, what is -10001 - 1001001100010000?
-1001001100100001
In base 12, what is -44a5 - 72b8a?
-77473
In base 13, what is -88 + 32bb?
3233
In base 7, what is 2 + -5166633225?
-5166633223
In base 11, what is -881 - -19961?
19090
In base 16, what is 59426 + -81?
593a5
In base 6, what is 3 - 32243132?
-32243125
In base 3, what is -2212111101110 - 100?
-2212111101210
In base 7, what is -6163002 + -1253?
-6164255
In base 11, what is -819448 + 13?
-819435
In base 6, what is -1552 + -4250?
-10242
In base 5, what is -11414433 + 2412?
-11412021
In base 15, what is -46 - 10d97?
-10ddd
In base 13, what is -a2399 + 516?
-a1b83
In base 14, what is 0 - -734dd?
734dd
In base 14, what is -27 - -90a27?
90a00
In base 6, what is -1412124 - 2232?
-1414400
In base 7, what is -11400413 + -304?
-11401020
In base 4, what is 100011300100 - -2?
100011300102
In base 11, what is 17595a + -41?
175919
In base 10, what is -47 - -392853?
392806
In base 5, what is 101003023403 + 4?
101003023412
In base 3, what is 120211211221 - 201?
120211211020
In base 12, what is -25 + 5822?
57b9
In base 7, what is -24103024 + 3?
-24103021
In base 16, what is -f67 + -2578?
-34df
In base 3, what is -200120 + 11010212011?
11010011121
In base 11, what is 146814 + -13a?
146685
In base 10, what is -20933 + -1062?
-21995
In base 10, what is 57729 - 964?
56765
In base 6, what is -11534231 - 1144?
-11535415
In base 15, what is -1 + 4878a1?
4878a0
In base 6, what is -14 - -533325514?
533325500
In base 2, what is -101101111000011101 - -1001101?
-101101110111010000
In base 16, what is 8 + -465?
-45d
In base 3, what is 20112022110201012 - 1?
20112022110201011
In base 8, what is 220232644 - 4?
220232640
In base 14, what is -21c - -2338?
211a
In base 2, what is -10101000110010001 + -110111101?
-10101001101001110
In base 15, what is 5861a - b?
5860e
In base 2, what is 101 - -1011100000001000111000111?
1011100000001000111001100
In base 16, what is 2f5 + -fc7?
-cd2
In base 11, what is -20a869 + -2?
-20a870
In base 14, what is -1c2b51 - 89?
-1c2bda
In base 15, what is -d8e + -2ac9?
-3968
In base 11, what is -19350 - 842?
-1a092
In base 9, what is -145838266 - -6?
-145838260
In base 3, what is 122020 - 212212001?
-212012211
In base 2, what is 1111100000010 + 11101110110101?
101101010110111
In base 16, what is -4bf57e4 + 4?
-4bf57e0
In base 13, what is 1a75 + -1349?
729
In base 6, what is 1512 - 2302443?
-2300531
In base 3, what is -1210101 - 11021222112?
-11100202220
In base 9, what is -13343 - -4540?
-7703
In base 13, what is -7 - 24a105?
-24a10c
In base 8, what is 425145 + 144?
425311
In base 2, what is -10100111001000101010100 - -11?
-10100111001000101010001
In base 3, what is -111 - -200221102201?
200221102020
In base 6, what is -1143145 + -1533?
-1145122
In base 7, what is 13050 - -1060?
14140
In base 12, what is 121a5561 + 4?
121a5565
In base 6, what is -104 - -32342342?
32342234
In base 8, what is -653724745 + 2?
-653724743
In base 8, what is 376 - 60613?
-60215
In base 5, what is -43103043 - -4?
-43103034
In base 8, what is -266272047 - 5?
-266272054
In base 9, what is 245200252 + -4?
245200247
In base 15, what is 50380 - -651?
509d1
In base 7, what is -352 + -10260340?
-10261022
In base 2, what is -110 + -1100010011001111101000?
-1100010011001111101110
In base 15, what is 1 + be3229?
be322a
In base 4, what is -102100003 + 211?
-102033132
In base 8, what is -7373136 - 620?
-7373756
In base 7, what is 15 - 451556?
-451541
In base 16, what is -4 + 15a941c?
15a9418
In base 15, what is 33168 - -8d?
33206
In base 2, what is 1001110 + -1001110110010101011111?
-1001110110010100010001
In base 12, what is 368464 - -1?
368465
In base 10, what is 21197 - 1879?
19318
In base 9, what is 12066 - 2376?
8580
In base 5, what is -1020 + 131031331?
131030311
In base 9, what is -4 + 2357623?
2357618
In base 14, what is 180 + 1b2bdc?
1b2d7c
In base 10, what is -110 + 1198914?
1198804
In base 9, what is -11170 - 240?
-11420
In base 7, what is 12622 - 125015?
-112063
In base 7, what is -5234210 - -100?
-5234110
In base 5, what is 2 - 21321044420?
-21321044413
In base 6, what is -1153 + -23151?
-24344
In base 15, what is -26b9 + -260?
-2929
In base 2, what is 111000111001 + 100000001111?
1011001001000
In base 13, what is 4bb5 - -5aa?
5492
In base 4, what is 21012131233 + -212?
21012131021
In base 2, what is -11010 + 11011101001100111101101?
11011101001100111010011
In base 3, what is 2210 + -10011200122?
-10011120212
In base 16, what is b2 + -229b?
-21e9
In base 7, what is 3 + -132563102?
-132563066
In base 8, what is -